 r?
9
Let v be (2 + -5 + (2 - 0))*-15. Let a = v - -13. What is the units digit of a?
8
What is the tens digit of (150 - (-15 - -7))/(4/10)?
9
Let q(d) = d**2 - 8*d + 1. Let a be q(10). What is the tens digit of 1/(85/a - 4)?
2
Let k = -449 + 638. What is the tens digit of k?
8
Let s(w) = 55*w - 12. Suppose 19 = 5*y + h, 4*y = 2*h - h + 8. What is the units digit of s(y)?
3
Let w(q) = -72*q**3 - q**2 + q + 1. Let y be 9 - 17 - (0 + -3). Let l(d) = -d**3 - 5*d**2 - d - 6. Let r be l(y). What is the units digit of w(r)?
1
Let s(r) = 86*r**3 - 3*r**2 - 3*r - 2. Let k be s(-2). Let p be k/15 - 2/(-5). Let v = -28 - p. What is the units digit of v?
8
Let c be (1 - 4) + 2 + 3. Suppose -5*x + 4 - c = -2*m, -20 = -5*x. Suppose 3*a + 162 = m*a. What is the tens digit of a?
2
Let a = 604 + -394. What is the hundreds digit of a?
2
Let o(z) = z + 17. Let q be o(-15). Suppose 2*a = -5*v + 20, q = -2*a - 3*v + 14. Suppose 6*d - 2*d - 156 = a. What is the units digit of d?
9
Let k(f) = 10*f - 1. Let n be k(1). What is the tens digit of n/6*392/12?
4
Suppose -7*v = -2*v - 15. Suppose -3 = -5*q - v*w, 1 + 0 = -5*q - 4*w. Suppose 4*m - 52 = -4*t, -2*t + q*m = 4*m - 30. What is the units digit of t?
7
Suppose 0*x = x - n - 15, -n = -2*x + 29. What is the tens digit of (-2)/(-7) - (-1032)/x?
7
Suppose 3*m - 1036 = -4*u, 5*m + 4*u = u + 1712. What is the units digit of m?
0
Let m be 6/(-24) - (2 - 2187/12). Let n = 337 - m. What is the units digit of n?
7
Suppose -23*h = -26*h + 63. Suppose -h*t + 13*t + 1664 = 0. What is the hundreds digit of t?
2
Let y(o) = o + 5. Let u = -5 - -10. Suppose 48 = u*i - i. What is the tens digit of y(i)?
1
Let g(s) = 7*s**2 - 10*s - 16. What is the tens digit of g(-6)?
9
Suppose 3*w - 3 = -0. Suppose 0 = 3*h + 4*g + w, 0 = h - 5*h - 5*g. Suppose h*p - 4 = 3*p. What is the units digit of p?
2
Suppose -4*r + 3*m + 341 = 0, r + 3*m - 7*m - 82 = 0. What is the tens digit of r?
8
What is the tens digit of -1*(-1 - 2) - (149 - 252)?
0
Suppose -5*q + 285 + 1060 = -5*a, 0 = 4*q + 5*a - 1031. What is the hundreds digit of q?
2
Let q = -35 - 105. What is the tens digit of q/(-84)*(90 + 0)?
5
Let f(v) = 16*v**2 + 39*v + 50. What is the units digit of f(-14)?
0
What is the units digit of (-6510)/105*-14*1?
8
Suppose -3*j + 7*j + 4*z + 40 = 0, 0 = 5*j - z + 26. Let u(r) = r**2 + 2*r. What is the tens digit of u(j)?
2
What is the tens digit of 2*((-3141)/(-2))/9?
4
Suppose 4*b - v = -5*v + 88, 30 = b - v. Let y be -2 + 2 + -3 + b. Suppose -82 - y = -5*p. What is the tens digit of p?
2
Suppose 0*z = -z. Let r = -10 + z. What is the units digit of (-1 - r/4)*10?
5
What is the thousands digit of 1732 - (-2)/1 - (122 + -126)?
1
What is the hundreds digit of (1619 - 27)*(-2)/(-4)?
7
Let v = -560 + 187. Let i = v - -604. What is the units digit of i?
1
Let l = 2209 - 923. What is the thousands digit of l?
1
Let z(r) = 3*r + 3. Let f be z(2). Suppose f*q - 370 = 4*q. Suppose 22 + q = 3*l. What is the tens digit of l?
3
Suppose -2*t + 8 = 0, -2*t + 692 + 2622 = r. What is the hundreds digit of r?
3
Suppose 3*u - 4166 = d, -17*d + 13*d - 6948 = -5*u. What is the hundreds digit of u?
3
Suppose 0 = 5*i, -l = -5*i + 2*i - 3. What is the units digit of ((-1)/l)/((-12)/1044)?
9
Let q(p) = -p + 9. Let a be q(12). Let s be -1*(-8 + a) - 3. Suppose y + s - 25 = 0. What is the units digit of y?
7
Let l(n) = -13*n - 5 + 8*n - 4*n**2 - 17 + 5*n**2. What is the units digit of l(10)?
8
Let p(j) = -3*j - 16. Let t be p(-13). Let w = t - 20. Suppose -2*v = -w*v + 49. What is the tens digit of v?
4
Suppose 2*m - 14 = -4. Suppose m*p - 9*p = -260. What is the tens digit of p?
6
Suppose -13 = -4*o + 11. Suppose -15 = -o*y + 3. What is the units digit of 848/24*y/2?
3
What is the tens digit of (-278)/(((-12)/2)/12)?
5
Suppose -3*x + 0 + 3 = 0. What is the tens digit of x*(3 + -6) - -18?
1
Let m(f) = -2*f + 4. Let z be m(2). Let x = z + 4. Suppose 0 = -0*o + x*o - 148. What is the tens digit of o?
3
Suppose -35910 = -90*u + 48600. What is the hundreds digit of u?
9
Let h(u) = -u**2 + 13*u - 7. Let v be h(10). Let s = 86 - v. What is the units digit of s?
3
Suppose 34 = 5*l - 276. Suppose 5*j - 76 = -4*c, 0 = -3*c - 7*j + 2*j + l. Suppose 6 + c = 2*b. What is the tens digit of b?
1
Let g be (-132)/(-24) - (-6)/(-4). What is the tens digit of 16/12*186/g?
6
Let n = 17 - 13. Let l be (6 + 12)*2/n. Let c = 15 - l. What is the units digit of c?
6
Suppose -4*c - 3*c = -63. What is the tens digit of ((-3)/(c/76))/((-42)/126)?
7
Let r be (-1726)/10 + 2/(-5). Let g = -47 - r. What is the units digit of g?
6
Suppose -j + 0*j = -13. Let c be (-4)/(-2) - (-120)/8. Let d = c + j. What is the tens digit of d?
3
Suppose -1067 = -2*k + 11. What is the units digit of k?
9
Let y = -16 + 378. What is the units digit of y?
2
Let d be -6*1/2 + 0. What is the units digit of (2/6)/(d/(-9))?
1
Suppose 10 = 4*a - 2*p, p - 38 + 13 = -4*a. Suppose 4*c = 3*k + 12, a*c - 6*c = -2*k + 2. Suppose -t + 22 = -c. What is the units digit of t?
8
Let a = -1103 + 1581. What is the units digit of a?
8
Let n be 3/5 + 972/(-45). Let f = 61 + n. What is the units digit of (f/30)/((-1)/(-21))?
8
Suppose 10 = -2*o - 26. What is the tens digit of (-3 - 222)/(o/4 - -3)?
5
Let n be 1 + -1 + 0 - (8 + -11). Suppose -n*c = c - 380. What is the units digit of c?
5
Suppose 3*x + 418 = -2*m, -2*m = 6 - 8. Let h = x - -345. What is the units digit of h?
5
Let r be (-2115)/20 + (0 - 1)/4. Let q = r - -229. What is the tens digit of q?
2
Let g be 1/(-1)*(1 + -2). Suppose 4*i - g = -4*x + 3, 3*i - 9 = -5*x. Suppose x*s + 3 = 0, -u + 4*s + 17 = -14. What is the tens digit of u?
2
Suppose 270 = -17*o + 7512. What is the units digit of o?
6
Suppose -4*s - 2*n = 28, -3*s + 4*n - 14 = 2*n. What is the units digit of s/15*425/(-10)?
7
Suppose -17*q = 8*q - 45125. What is the units digit of q?
5
Suppose 2*p + 181 = j, 0 = 3*p + 3*j - 16 + 301. Let u = p + 204. What is the units digit of u?
2
Let t(k) = 4*k**2 - 21*k + 14. What is the tens digit of t(12)?
3
Let b = 6779 - 4293. What is the thousands digit of b?
2
Suppose -5*y = -20 + 5. Suppose 4 = 5*j - j, y*w + j = 175. What is the units digit of w?
8
What is the hundreds digit of ((-1)/(-2))/(7/2212)?
1
Let k(z) = 4*z**3 - 2*z + 1. Let c be 5*(22/10 - 2). Let m be k(c). Suppose n = 5*b + 13, -2*n + m*n - 11 = 4*b. What is the units digit of n?
3
Let b = -3843 - -6097. What is the hundreds digit of b?
2
Let g(v) = -4*v - 38. Let n be g(-13). Let j = 50 - n. What is the units digit of j?
6
Let c(b) = b**2 + 7*b + 19. Let a(o) = -o + 1. Let u(q) = -2*a(q) + c(q). Let d be u(-8). What is the tens digit of 378/d + 1*-3?
3
Let g = -349 - -509. What is the tens digit of g?
6
Suppose 60 = 6*p + 18. Let t(b) = 5*b**2 - 21*b - 8. What is the units digit of t(p)?
0
Suppose 2*z - 3*z + 48 = -4*q, -228 = -4*z + 4*q. Suppose z = -x + 3*x. What is the tens digit of 624/x - 1/(-5)?
2
Suppose -18 - 7 = 5*z. Let a be (-2)/z - (-6897)/95. Suppose -6*j = 1 - a. What is the units digit of j?
2
Suppose -2*g = -l + 4, -l - 2*g = -7*g - 10. Suppose -n + 59 + 25 = l. What is the tens digit of n?
8
Suppose 0 = 14*o + 11*o - 18475. What is the units digit of o?
9
Let d(q) = -q**3 + 16*q**2 + 35. What is the tens digit of d(15)?
6
Let h be 2/(-13) - ((-284)/(-13) - 2). Let c = h + 45. What is the units digit of c?
5
Let x(j) = j**2 - 4*j + 5. Let w be x(4). Suppose l - 4*n = -6, -n = -w*l + n - 30. What is the units digit of (-1)/(-1) - (-9 - l)?
4
What is the units digit of 1/9 + 5/(135/42198)?
3
Suppose 0 = -4*x + 2*x + 4. Let o(l) = -3*l + 2. Let n be o(x). Let a = n - -8. What is the units digit of a?
4
Let j(u) = -2*u**2 - 4*u - 6. Let p be j(-3). What is the units digit of ((-84)/(-8))/((-9)/p)?
4
Let k = -138 - -197. Let d = k - 36. What is the units digit of d?
3
What is the tens digit of 7 + -16 + -4 + 2189?
7
Let w(s) = -s**3 + 10*s**2 + 23*s + 17. Let o be w(12). Suppose 247 - 22 = o*t. What is the tens digit of (-418)/(-18) - 10/t?
2
Suppose -2*t + 7*t - 415 = 2*a, -t = -4*a - 83. Let x = 117 - t. What is the tens digit of x?
3
Let w(a) = 2*a**2 - 6*a + 5. Let q be w(3). Suppose n - q*n + 11 = c, c = -n - 1. What is the units digit of n?
4
Let f = 17 - -12. Let s = f + -18. Let u = 23 - s. What